{"id":65,"date":"2021-06-11T12:10:14","date_gmt":"2021-06-11T15:10:14","guid":{"rendered":"https:\/\/biblioteca2.facha.edu.br\/?page_id=65"},"modified":"2025-05-28T11:26:29","modified_gmt":"2025-05-28T14:26:29","slug":"acervos-digitais","status":"publish","type":"page","link":"https:\/\/biblioteca.facha.edu.br\/index.php\/acervos-digitais\/","title":{"rendered":"Biblioteca Digital"},"content":{"rendered":"\n<p>A Biblioteca Central Miguel Alonso disponibiliza aos alunos e professores as seguintes bibliotecas digitais:<\/p>\n\n\n\n<figure class=\"wp-block-table is-style-stripes\"><table><tbody><tr><td><a href=\"https:\/\/facha.edu.br\/login-aluno?msg=\" target=\"_blank\" rel=\"noreferrer noopener\"><strong>BASE LEME <\/strong><\/a><strong>(MINHA BIBLIOTECA)<\/strong><\/td><td>Acesso pelo <a href=\"https:\/\/facha.edu.br\/login-aluno\">Secretaria Virtual do Aluno<\/a><br>A Base Leme faz parte da plataforma Minha Biblioteca, com acervo composto das obras da Editora Saraiva. A base re\u00fane 3 mil t\u00edtulos aproximadamente, contemplando as \u00e1reas de direito, administra\u00e7\u00e3o, marketing e neg\u00f3cios.<\/td><\/tr><tr><td><a href=\"https:\/\/facha.edu.br\/login-aluno?msg=\" target=\"_blank\" rel=\"noreferrer noopener\"><strong>BIBLIOTECA VIRTUAL <\/strong><\/a><strong>(Pearson)<\/strong><\/td><td>Acesso pelo <a href=\"https:\/\/facha.edu.br\/login-aluno\">Secretaria Virtual do Aluno<\/a><br>A Biblioteca Virtual possui um acervo digital composto por mais de 17 mil t\u00edtulos, que abordam diversas \u00e1reas de conhecimento.<br>A Biblioteca Virtual est\u00e1 dispon\u00edvel para Desktop, Tablets e Smartphones. Suas funcionalidades exclusivas, agilidade e navega\u00e7\u00e3o intuitiva oferecem aos leitores a melhor experi\u00eancia de usu\u00e1rio.<\/td><\/tr><tr><td><\/td><td><\/td><\/tr><\/tbody><\/table><\/figure>\n\n\n\n<p><\/p>\n","protected":false},"excerpt":{"rendered":"<p>A Biblioteca Central Miguel Alonso disponibiliza aos alunos e professores as seguintes bibliotecas digitais: BASE LEME (MINHA BIBLIOTECA) Acesso pelo Secretaria Virtual do AlunoA Base Leme faz parte da plataforma Minha Biblioteca, com acervo composto das obras da Editora Saraiva. A base re\u00fane 3 mil t\u00edtulos aproximadamente, contemplando as \u00e1reas de direito, administra\u00e7\u00e3o, marketing e [&hellip;]<\/p>\n","protected":false},"author":2,"featured_media":0,"parent":0,"menu_order":0,"comment_status":"closed","ping_status":"closed","template":"","meta":{"footnotes":""},"class_list":["post-65","page","type-page","status-publish","hentry"],"_links":{"self":[{"href":"https:\/\/biblioteca.facha.edu.br\/index.php\/wp-json\/wp\/v2\/pages\/65","targetHints":{"allow":["GET"]}}],"collection":[{"href":"https:\/\/biblioteca.facha.edu.br\/index.php\/wp-json\/wp\/v2\/pages"}],"about":[{"href":"https:\/\/biblioteca.facha.edu.br\/index.php\/wp-json\/wp\/v2\/types\/page"}],"author":[{"embeddable":true,"href":"https:\/\/biblioteca.facha.edu.br\/index.php\/wp-json\/wp\/v2\/users\/2"}],"replies":[{"embeddable":true,"href":"https:\/\/biblioteca.facha.edu.br\/index.php\/wp-json\/wp\/v2\/comments?post=65"}],"version-history":[{"count":6,"href":"https:\/\/biblioteca.facha.edu.br\/index.php\/wp-json\/wp\/v2\/pages\/65\/revisions"}],"predecessor-version":[{"id":1606,"href":"https:\/\/biblioteca.facha.edu.br\/index.php\/wp-json\/wp\/v2\/pages\/65\/revisions\/1606"}],"wp:attachment":[{"href":"https:\/\/biblioteca.facha.edu.br\/index.php\/wp-json\/wp\/v2\/media?parent=65"}],"curies":[{"name":"wp","href":"https:\/\/api.w.org\/{rel}","templated":true}]}}